ommon divisor of 742 and 282437.
53
What is the greatest common divisor of 4189103 and 74?
37
What is the highest common factor of 84716 and 12?
4
Calculate the greatest common factor of 152 and 44080.
152
What is the greatest common factor of 199800 and 18600?
600
Calculate the highest common divisor of 2235 and 23840.
745
What is the highest common divisor of 3744 and 47580?
156
What is the greatest common divisor of 41419 and 49567?
679
What is the highest common divisor of 10 and 4768630?
10
What is the greatest common factor of 27645 and 9603?
291
What is the greatest common factor of 91 and 219037?
91
Calculate the highest common divisor of 574 and 280.
14
Calculate the greatest common factor of 849 and 590338.
283
Calculate the highest common divisor of 629722 and 1969.
179
Calculate the highest common divisor of 42 and 513093.
21
What is the greatest common factor of 300 and 1327980?
60
What is the greatest common divisor of 44217 and 4896?
153
What is the highest common divisor of 3094441 and 1869?
623
Calculate the greatest common divisor of 84992 and 249.
83
What is the greatest common divisor of 6232460 and 13?
13
Calculate the greatest common factor of 466 and 2750798.
466
What is the highest common factor of 90 and 72570?
30
Calculate the highest common divisor of 8077 and 98.
1
What is the highest common divisor of 8 and 4214?
2
Calculate the highest common divisor of 423 and 662841.
423
Calculate the highest common divisor of 438 and 76358.
146
Calculate the greatest common divisor of 201292 and 21658.
1274
What is the greatest common divisor of 69 and 1259?
1
Calculate the greatest common factor of 477 and 5571.
9
What is the greatest common divisor of 92391 and 46?
23
What is the highest common divisor of 27805 and 536?
67
Calculate the greatest common divisor of 429 and 1027.
13
Calculate the highest common divisor of 34741 and 22688.
709
Calculate the highest common divisor of 600 and 21975.
75
Calculate the greatest common factor of 126 and 7218.
18
What is the greatest common factor of 3366 and 1166?
22
What is the highest common factor of 3627 and 85002?
93
What is the highest common factor of 243 and 5064?
3
What is the highest common divisor of 152 and 691448?
152
Calculate the greatest common factor of 16 and 129772.
4
Calculate the greatest common divisor of 80 and 562860.
20
What is the highest common divisor of 1061 and 1757016?
1061
Calculate the highest common divisor of 25 and 281825.
25
Calculate the highest common factor of 363 and 204.
3
What is the greatest common factor of 2716 and 63826?
1358
Calculate the highest common divisor of 576 and 115264.
64
Calculate the highest common divisor of 159 and 241044.
159
What is the greatest common divisor of 3627 and 186?
93
What is the greatest common divisor of 137373 and 6?
3
Calculate the greatest common factor of 236 and 51979.
59
Calculate the highest common factor of 668654 and 196.
98
What is the greatest common factor of 2176 and 904672?
544
Calculate the greatest common factor of 1143 and 5080.
127
Calculate the highest common divisor of 45426 and 1206.
402
Calculate the greatest common factor of 104571 and 324.
81
Calculate the greatest common divisor of 712 and 153614.
178
Calculate the greatest common factor of 119 and 697.
17
What is the highest common divisor of 99752 and 2294?
74
Calculate the greatest common factor of 278432 and 528.
176
What is the highest common divisor of 4114 and 2178?
242
What is the greatest common factor of 351 and 5319?
27
Calculate the highest common divisor of 4033 and 74.
37
Calculate the highest common factor of 22308 and 108.
12
What is the greatest common divisor of 13 and 32201?
13
Calculate the greatest common divisor of 29 and 68121.
29
What is the highest common divisor of 21196 and 3500?
28
What is the greatest common factor of 48 and 466464?
48
What is the greatest common factor of 378 and 478814?
14
What is the greatest common factor of 48 and 132704?
16
What is the greatest common divisor of 245 and 1035?
5
What is the highest common factor of 8700 and 2755?
145
What is the greatest common divisor of 750 and 61350?
150
Calculate the greatest common factor of 846 and 8413.
47
What is the greatest common divisor of 12150 and 690?
30
Calculate the greatest common factor of 38304 and 259920.
2736
What is the highest common factor of 28401 and 147?
3
Calculate the greatest common divisor of 3024864 and 36.
36
Calculate the greatest common factor of 1457 and 49397.
47
Calculate the highest common divisor of 316 and 13746.
158
Calculate the greatest common divisor of 76784 and 56.
8
What is the highest common divisor of 2112096 and 2016?
672
What is the highest common factor of 139448 and 56?
8
What is the greatest common divisor of 9828 and 135324?
756
Calculate the greatest common divisor of 453 and 6411309.
453
Calculate the highest common factor of 27878 and 19398.
106
What is the greatest common divisor of 4579474 and 1336?
334
Calculate the highest common divisor of 200 and 503225.
25
What is the greatest common factor of 9280793 and 17?
17
Calculate the highest common factor of 8 and 6602.
2
What is the greatest common divisor of 22092 and 24?
12
What is the greatest common divisor of 651 and 576786?
651
Calculate the highest common factor of 537 and 8055.
537
Calculate the highest common divisor of 4454 and 4148.
34
What is the greatest common factor of 24332 and 3920?
28
Calculate the greatest common divisor of 172350 and 300.
150
Calculate the highest common divisor of 1808 and 10992.
16
Calculate the greatest common factor of 26656 and 119.
119
Calculate the greatest common divisor of 807751 and 39578.
1799
What is the highest common factor of 5441 and 4?
1
Calculate the greatest common factor of 1058 and 69299.
529
What is the greatest common factor of 1194 and 2139051?
597
What is the highest common factor of 66 and 4135098?
66
What is the highest common factor of 20226 and 18?
6
Calculate the greatest common divisor of 1935 and 5085.
45
Calculate the greatest common divisor of 345155 and 20.
5
Calculate the greatest common factor of 49 and 740243.
49
What is the greatest common factor of 680 and 28645?
85
Calculate the highest common factor of 5909 and 57.
19
What is the highest common factor of 1869763 and 1834?
917
What is the greatest common divisor of 580629 and 35?
7
What is the greatest common divisor of 79581 and 246?
123
What is the highest common factor of 3040 and 16530?
190
What is the greatest common divisor of 57420 and 23040?
180
What is the greatest common divisor of 7293 and 1833?
39
Calculate the highest common factor of 77 and 420629.
11
Calculate the highest common factor of 174312 and 135.
27
What is the highest common divisor of 67850 and 25?
25
Calculate the highest common divisor of 810 and 173664.
162
What is the highest common factor of 26 and 134?
2
Calculate the greatest common factor of 2548 and 74088.
196
What is the greatest common divisor of 48210 and 30?
30
What is the highest common factor of 19 and 5947?
19
What is the greatest common divisor of 211702 and 906?
302
What is the highest common factor of 1790 and 2390?
10
What is the highest common factor of 75 and 15010125?
75
What is the highest common divisor of 444 and 4070?
74
What is the greatest common factor of 19404 and 36?
36
Calculate the highest common factor of 37950 and 4400.
550
Calculate the greatest common factor of 8510562 and 1038.
1038
What is the greatest common divisor of 114160 and 40?
40
Calculate the highest common factor of 2961 and 198.
9
Calculate the highest common factor of 32044 and 8.
4
Calculate the greatest common factor of 14512 and 4864.
16
Calculate the highest common divisor of 175406 and 154.
154
Calculate the highest common factor of 260775 and 31635.
855
What is the highest common divisor of 312750 and 1500?
750
What is the greatest common divisor of 7738 and 202648?
146
Calculate the greatest common divisor of 62924 and 20.
4
What is the highest common factor of 171 and 18387?
9
Calculate the greatest common factor of 35 and 8923250.
35
Calculate the greatest common factor of 4758474 and 938.
938
Calculate the highest common factor of 7 and 79681.
7
What is the highest common di